2 + (-5)/((-5)/16). Calculate the greatest common factor of h and u.
2
Suppose 0 = 3*p - 6 - 42. Let z = 69 - 45. What is the highest common divisor of z and p?
8
Let n(s) = 16*s**2 - s. Let d be n(-1). Suppose 3*u - 21 = 3*x, u + x - d = 4*x. Suppose 3*k - 5 = -u*k. Calculate the highest common divisor of 1 and k.
1
Let g(v) = 36*v**2 + 35*v + 70. Let n be g(-2). What is the greatest common factor of 384 and n?
48
Suppose -10*o + 15 = -7*o. Suppose -5*r = o*j - 85, -3*j + 8 = -7*j. Calculate the highest common divisor of r and 19.
19
Suppose -3*n - 2 = 25. Let g(s) = -5*s - 31. Let u be g(n). Let w = -12 + 19. What is the greatest common divisor of u and w?
7
Let n = 56 - 20. What is the greatest common divisor of n and 84?
12
Suppose -3*o = 4*d - 415, -3*d - 99 + 379 = -4*o. Suppose 0*w = 10*w - d. Calculate the highest common factor of 15 and w.
5
Suppose 0 = -8*s + 4*s + 4. Suppose -53 + s = -2*k. Suppose 4*u = 2 + k. Calculate the greatest common divisor of 63 and u.
7
Let b = -2268 + 2532. Calculate the greatest common divisor of b and 48.
24
Let y(v) = 4*v**2 + 7*v. Let z be y(-5). Suppose -4*b = b - z. Let k(l) = 105*l**2 + 10*l + 9. Let n be k(-1). Calculate the greatest common factor of b and n.
13
Suppose 5*d + 3*g + 385 = 0, 5*g - 276 = 4*d + g. Let j be d/(-10) - 4/10. What is the greatest common divisor of j and 14?
7
Suppose u - 16 = 5*v, -2*v + 5*v = -u. Let i = u - -16. Calculate the greatest common factor of 198 and i.
22
Suppose -s - 2*s = 138. Let a = s + 80. What is the highest common factor of a and 51?
17
Suppose -3*p + 134 + 97 = 0. Let b = p + 7. Let l(d) = 12*d**2 + d + 1. Let q be l(-1). Calculate the greatest common divisor of q and b.
12
Let b = 378 - 542. Let a = -161 - b. Suppose -o = -2 - 0. What is the greatest common factor of o and a?
1
Suppose 5*n + 3*q - 130 = n, q + 2 = 0. Suppose -283 + 28 = -5*i. What is the greatest common factor of n and i?
17
Let q = -1473 - -1488. What is the greatest common factor of 50 and q?
5
Let o be -2*3/(-6)*4. Suppose -g + 5 = -o. What is the greatest common divisor of 18 and g?
9
Suppose -91*j + 89*j + 20 = 0. Calculate the greatest common divisor of j and 4.
2
Suppose 554 + 391 = 21*z. Calculate the highest common factor of z and 495.
45
Suppose f = 5*f - 12. Let l = -722 + 755. Calculate the highest common factor of l and f.
3
Let x be ((-48)/(-4) + 2)*1. Suppose 4*j - 41 - 55 = -5*m, 1 = -j + 5*m. Let w = j - x. What is the highest common divisor of 35 and w?
5
Let b(c) = c**2 + 27*c + 61. Let a be b(-31). What is the greatest common divisor of 5 and a?
5
Let i = 1588 + -948. Calculate the greatest common divisor of i and 20.
20
Suppose -3*i - 1 = 2*p, 4*p = -5*i - 4 - 1. Let b = 602 - 601. Let m be b + (i + 1 - -4). What is the highest common factor of m and 6?
3
Suppose 0 = -51*a + 42*a + 45. What is the greatest common divisor of a and 40?
5
Let n be 12555/75 + -13 + 4/(-10). Calculate the highest common factor of n and 44.
22
Let r = 36 - -19. Let i(w) = -8 + w**2 - 28*w + r*w - 24*w. Let u be i(-7). Calculate the greatest common factor of 4 and u.
4
Suppose 3*c - 3 = 0, -3*q - 2*c - 3*c + 116 = 0. Let y = q + -24. What is the greatest common factor of y and 26?
13
Let c = 6 - 1. Let h(p) = p - 3. Let j be h(c). Suppose 0 = -142*v + 55*v + 87. Calculate the highest common divisor of v and j.
1
Suppose 4*m - 2*t + 22 = -0*m, 0 = -m - 5*t - 22. Let d = -1 - m. Calculate the greatest common divisor of d and 6.
6
Let i(t) = -t**3 + 28*t**2 - 20*t - 28. Let w be i(27). What is the greatest common factor of w and 23?
23
Let c(v) = -11*v + 11. Suppose -7*o = -6*o + 10. Let q be c(o). Calculate the highest common factor of q and 11.
11
Suppose -5*s + 4*q = -452, -4*s = -3*q + 173 - 535. Calculate the highest common divisor of s and 138.
46
Let a = 1 + 2. Suppose t + 8 = -5*y - 13, 2*y + 30 = 5*t. Suppose -556 = -4*p - t*m, a*p + m - 198 - 229 = 0. What is the greatest common factor of p and 16?
16
Suppose -5*n + 1015 = -265. Calculate the highest common factor of 4 and n.
4
Suppose -3*c + 11 = 4*b, 3*b = -c + 7 + 5. Calculate the greatest common factor of 40 and b.
5
Let v(m) = -m**2 + 6. Let b be v(0). Suppose 3*f + 6 = b*f. What is the highest common factor of f and 20?
2
Let k(x) = x**2 - 2*x - 56. Let y be k(10). Calculate the greatest common divisor of y and 12.
12
Let x = 516 - -54. Calculate the highest common factor of 57 and x.
57
Let z(u) = -40*u - 1. Let l be z(-3). Let y = -130 - -13. Let j = y - -134. Calculate the greatest common divisor of j and l.
17
Suppose -23*o + 3822 = -2848. Calculate the greatest common factor of 20 and o.
10
Let g = 92 + -89. What is the greatest common factor of g and 3?
3
Let a be 1/(11/(-88)) + 1683. Calculate the greatest common factor of a and 67.
67
Let z be (-26)/(-12) - (-7)/(-42). Let q be (0/4)/z + -9. Let f = 7 - q. Calculate the greatest common divisor of f and 4.
4
Suppose -2*c + 118 = k, -222 = 5*k - 5*c - 737. What is the highest common divisor of 612 and k?
36
Let s = 309 - 174. Calculate the highest common divisor of s and 495.
45
Suppose j - 21 = -4*t + 4*j, -3*t + 21 = 3*j. Suppose -m - m = -3*w - 54, -w - 2*m - 26 = 0. Let z = w - -86. What is the greatest common divisor of t and z?
6
Let f = 7 - 7. Let k = 5 - f. Suppose -k*j + 190 = -0*j. Calculate the greatest common factor of j and 57.
19
Let i = -4055 - -8055. What is the highest common factor of i and 32?
32
Let o be -9*2/(-4)*6. Let r be 2/(-6) - (-82)/3. Calculate the highest common divisor of o and r.
27
Let y = 408 - 192. Let z = -60 + 78. Let a be (-128)/(-96)*(z - 0). What is the highest common factor of y and a?
24
Suppose 3*j - 5*z = 12, 13*j - 20 = 8*j - 2*z. What is the greatest common factor of j and 14?
2
Let f = 39 + 27. Let z(s) = 22*s**3 - 2*s**2 - s - 1. Let p be z(2). What is the greatest common divisor of p and f?
33
Let j be (36/(-45))/((-2)/5). Let q be j - (2 + 1) - -12. Let s(y) = 2*y - 11. Let r be s(q). What is the greatest common divisor of r and 44?
11
Suppose z + 160 = -2*s + 928, -2*z = -5*s + 1929. What is the highest common divisor of 66 and s?
11
Let c be 34/((69/(-92))/(27/(-8))). Calculate the greatest common divisor of 102 and c.
51
Let u(y) = y**2 + 7*y + 44. Let o be u(-18). Calculate the highest common divisor of o and 22.
22
Let u = 205 - 451. Let p = -147 - u. Suppose -9*q + 14*q = -3*d + 46, 2*q - 7 = -5*d. What is the highest common divisor of q and p?
11
Let c(b) = b - 2. Let q be c(-2). Let g be (30/q)/(-5)*-2 - -19. What is the highest common divisor of g and 2?
2
Suppose 2*a + 7*o - 12*o - 70 = 0, -3*o - 6 = 0. What is the highest common factor of 270 and a?
30
Let p be ((-3)/2)/(10/(-2140)). Suppose a = -k + 47, 5*k = -a + p - 98. What is the highest common divisor of k and 22?
22
Suppose -4*q - 1 = j, 0*q + 1 = q - j. Suppose -5*a + 33 + 32 = q. What is the highest common divisor of 39 and a?
13
Suppose 5*s + 3*g = 246, 0*s - 5*s + 5*g = -230. Calculate the highest common divisor of s and 48.
48
Suppose -o - 277 = -5*d, -18*d + 127 = -16*d + 5*o. Let q(k) = k**3 - 7*k**2 - 6*k - 9. Let h be q(8). What is the highest common divisor of h and d?
7
Suppose o - 2*i = -3*o + 44, -o = -2*i - 8. Calculate the highest common divisor of 132 and o.
12
Let g be (-18)/(-12) + (-2)/4. Suppose l - 3 = -2*z, -2*z = -l + 2*z - 3. Let s = l + 4. Calculate the highest common factor of s and g.
1
Let a = -67 - -322. Calculate the highest common factor of 15 and a.
15
Let k(y) = 2*y**3 - 2*y - 2. Let l be k(-1). Let s = 3 + l. What is the greatest common divisor of s and 2?
1
Let s be 4/(-30) - 5406/(-45). Calculate the highest common divisor of s and 12.
12
Let b be 32376/(-570)*(-3)/(6/25). Calculate the greatest common factor of 10 and b.
10
Let x be (-14)/(2 + 0) + 0. Let n = -4 - x. Suppose -2*q = -q + n, -4*q - 57 = -3*h. Calculate the highest common divisor of h and 120.
15
Suppose 0 = -4*t + a - 4 - 113, -3*t - 5*a = 105. Let y be t*(-3 - 26/(-10)). Let z be -1 + 33 + (-16)/(-4). Calculate the highest common divisor of y and z.
12
Let o be ((-594)/(-132))/(2/8). What is the greatest common factor of o and 252?
18
Suppose 0*t = -6*t + 24. Suppose 20 = -0*s + t*s. Suppose -s*w + 129 = -121. What is the highest common factor 